 - 3. Let k be o(-6). Suppose -2*n + 5*n = k. Is n composite?
False
Let c = -7 - -10. Suppose 3*p + 4*t = t + 36, -2*p + c*t - 1 = 0. Is p prime?
True
Let u(p) = 23*p**2 + p - 1. Let q be 2/2 - 0/(-8). Is u(q) prime?
True
Suppose 242 = 4*p - 2*m, -4*m - 9 = -7*m. Let l = 129 - p. Is l a prime number?
True
Let o be (12/(-9))/(-4)*231. Let v = o - 18. Is v a composite number?
False
Suppose 4*d - 5 + 17 = 0. Let c = -1 - d. Suppose 3*g = c*r + 143, 3*r = g - 25 - 25. Is g a prime number?
True
Let y(b) = 87*b**3 - 4*b + 1 - b**2 - 6*b + 10*b. Is y(1) prime?
False
Let g(a) = -33*a - 7. Let i be g(-8). Let t = -180 + i. Is t a prime number?
False
Let v be (2 - -506)/2 - -1. Suppose -4*p + 4*c = -320 + 116, 5*p + 2*c = v. Is p a prime number?
False
Is ((-314)/1)/((-18)/27) prime?
False
Suppose 2 = 2*w - 2. Suppose a - w*k = 87, 0 = a - 3*k - 112 + 23. Is a a composite number?
False
Let j(l) be the second derivative of -l**5/4 + l**4/12 - l**3/6 + l**2/2 - l. Is j(-2) composite?
False
Let f(b) = -b + 4. Let u be (2 + 0)*(-4)/(-2). Let k be f(u). Suppose -2*m + 106 = -k*m. Is m prime?
True
Suppose -6*d = -d - 20. Suppose -d*p = -0*p - 8. Let g(q) = 3*q**3 - 3*q**2 + 1. Is g(p) a prime number?
True
Let i(l) = 7*l + 2. Let s be i(-2). Let o = -7 - s. Let g = -2 + o. Is g a prime number?
True
Suppose -5*z - 4*h - 35 = h, 3*z + 17 = -4*h. Is (-16 - (-3 - 0))*z a prime number?
False
Let k = 7 + -7. Suppose k = -0*i + i - 59. Is i prime?
True
Let u(v) = -v**3 + 5*v**2 + 6*v + 3. Let p be u(6). Let n be 2*p/5*5. Is (n/(-5))/((-8)/140) prime?
False
Is ((-2)/(-7))/(4/3164) composite?
True
Is (40934/4 + 1)*(-8)/(-12) a prime number?
True
Let g be (2 + -2 - 2)*-1. Is 160 - g - (-1)/(-1) prime?
True
Let x(q) = 1011*q + 15. Let c(o) = 505*o + 7. Let l(r) = -13*c(r) + 6*x(r). Let n be l(-1). Is 1/(-3) - n/(-9) a prime number?
False
Let n = 208 + -141. Is n prime?
True
Suppose 12 + 8 = 5*f. Let k be -3 + 1 - (1 + -1). Let u = f - k. Is u a prime number?
False
Let q be (8/(-12))/((-4)/(-6)). Let z = q - -3. Let w = z + 37. Is w a prime number?
False
Let r = 3021 + -550. Is r a composite number?
True
Suppose 0 = -q + 3*q. Is 0/(q + -1) - -187 composite?
True
Suppose -4*g - 801 = -5*t, 2*t - 326 = -0*t - 4*g. Is t composite?
True
Suppose -j - 25 + 10 = -4*s, -15 = -5*s. Let f be 11 + -4 - j/1. Is (f*1)/(6/57) composite?
True
Suppose -f + 0*f - 5 = -p, -p = -4*f - 8. Is 2/p*(74 + 0) prime?
True
Suppose -3*z + 5 - 35 = 0. Let p = -14 - z. Let u = 17 - p. Is u a composite number?
True
Let n be (-2728)/(-33) + (-2)/3. Let u = 209 - 135. Suppose -u = -4*b + n. Is b a composite number?
True
Let n be 2330/4 - 3/6. Let p = n - 322. Suppose -5*w + 675 = p. Is w composite?
False
Let i(g) = -2*g**2 + 7*g - 7. Let u be i(7). Let q(a) = 94*a**2 + 2*a + 1. Let w be q(-1). Let y = w + u. Is y composite?
False
Let m(r) = 5*r**2 - 8*r - 5. Is m(6) prime?
True
Let m = -5 + 7. Suppose -m*z - 65 = -451. Suppose 2*k - 6 = 0, 0 = -4*b - k + z + 334. Is b a prime number?
True
Let h(c) = -c**2 - 2*c - 2. Let a be h(-2). Let q be (0 - -2) + a/(-1). Suppose -2*n - q*z = -430, -3*n + 6*n - 636 = -3*z. Is n a composite number?
True
Is (0 - 1)/(18/(-2286)) composite?
False
Let k = 2984 - 1833. Is k prime?
True
Suppose 4 = 2*l - 0. Let s(h) = 2*h**2 - h + 1. Is s(l) a composite number?
False
Suppose 0 = -5*g + 2 + 108. Is g prime?
False
Let z be -7*1*(-3)/3. Is 2/z + (-656)/(-7) a composite number?
True
Suppose -5*b - 39 = -3*a - 7, 4*b + 16 = 0. Let c = 2 + 0. Suppose -49 = -t + 2*x, -a*x = c*t - 3*x - 73. Is t a composite number?
True
Suppose 8 = 4*y - 4. Suppose a - y*o = 32 + 26, -4*a - 3*o + 157 = 0. Is a a composite number?
False
Let k(a) = -229*a + 34. Is k(-13) prime?
True
Let j(x) = -7*x**3 + 21*x**2 + 19*x - 11. Let b(y) = -4*y**3 + 11*y**2 + 10*y - 6. Let z(r) = -5*b(r) + 3*j(r). Is z(8) prime?
True
Let d(x) = -2*x**3 + 2*x**2 + x + 2. Let j be d(2). Is 37 - 0 - (-2 - j) a prime number?
False
Suppose 529 = j + 3*j - s, 4*s = 12. Is j a prime number?
False
Suppose 2*d = d + 154. Suppose u + u = d. Is u composite?
True
Let b = -568 - -995. Is b a composite number?
True
Suppose -3*k + 25 = -5*b, -4*k + 4*b = b - 26. Suppose k*c + z + 3*z - 813 = 0, -5*c - 3*z = -811. Is c composite?
True
Let m(i) be the third derivative of 0*i - i**2 - 3/40*i**6 + 1/2*i**3 - 1/60*i**5 + 1/12*i**4 + 0. Is m(-2) a composite number?
False
Let k = 11 - 8. Let n(w) = 21*w + 2. Is n(k) a prime number?
False
Is 1*(146 + 3) + 0 a prime number?
True
Let k(a) = 7*a**2 - 13*a - 11. Is k(-8) a prime number?
True
Suppose -p - p + 22055 = -g, -2*p + 22058 = -4*g. Is p prime?
True
Suppose -4*u + 58 = 14. Suppose -u*v = -7*v - 8. Suppose 54 + 368 = v*z. Is z a prime number?
True
Let r(c) = c**2 - 8*c. Let k be r(7). Let i be 7/k + (-1 - -38). Is i + (2 - (6 - 2)) prime?
False
Let o be 20/6*(-9)/(-2). Suppose 0 = -3*a + p - o, -a + 5*p - p - 16 = 0. Let s(q) = q**2 - 4*q + 3. Is s(a) prime?
False
Let f(c) = -6*c**3 - 2*c**2 + 3*c + 5. Let m be f(-4). Suppose -3*k + m = -0*k. Is k composite?
True
Let f(o) = o**2 - 5*o + 3. Let y be f(3). Is (y + 75/12)*124 a composite number?
True
Let u = 0 + 0. Suppose u = 2*x - 0*x - 2. Is 0/(x + -2) + 37 prime?
True
Let z(v) = -14*v - 15. Is z(-7) prime?
True
Let h(t) = -5*t**3 + t**2 + 1. Is h(-4) composite?
False
Suppose -4*a + 2014 + 326 = 4*d, 4*a + 2943 = 5*d. Is d a composite number?
False
Let j(z) = -5*z - 1. Let k be j(-2). Let a be 22*6/(48/140). Suppose -a = -k*g + 4*g. Is g a composite number?
True
Let b(p) = p. Let u(t) = 30*t. Let x(k) = 21*b(k) - 3*u(k). Let s be x(-1). Suppose 0*j - j + s = 0. Is j prime?
False
Let i = 8 - 6. Suppose 4*m + 932 = 4*y, 0 = i*m - m - 2. Is y a composite number?
True
Suppose 2*x - 4 = 2*h - 2, -3*h - 5*x = -37. Let p(s) = 153*s - 5. Let c be p(h). Suppose u - c = -5*t - 2*u, -2*t = 2*u - 246. Is t a prime number?
False
Suppose -19*y = -17*y - 2564. Is y a prime number?
False
Let j = -56 - -105. Is j a composite number?
True
Let c = -12 + 277. Is c a prime number?
False
Suppose -4*p + 1340 = -u, -1654 = -5*p - 4*u - 0*u. Is p a composite number?
True
Suppose 0*a + 20 = 2*a. Suppose a*g - 5*g - 435 = 0. Suppose -g = -2*j + 203. Is j composite?
True
Suppose -3*n = -4*n + 2*y + 54, -3*n = 5*y - 118. Is n prime?
False
Let s be ((-12)/(-8))/(1/2). Suppose v - 156 = -s*v. Is v a prime number?
False
Suppose 10*k = 5*k. Suppose -2*x - 4*y - 4 = -k*x, 8 = -4*y. Suppose -2*u = v - 45, -x*v - 2*v + 4*u + 228 = 0. Is v a prime number?
True
Suppose -10*a = -6*a - 1316. Is a a prime number?
False
Is (-12735)/(-27) - (-2)/(-3) prime?
False
Let n(j) = -j**3 - 5*j**2 - 2*j - 6. Let l be n(-5). Suppose l*i - 35 = 3*m, -4*m = -4*i + 22 + 14. Let g = 5 + i. Is g prime?
True
Suppose q - f - 120 = 0, -4*q - 2*f = -3*q - 123. Is q prime?
False
Let i be (-1 + 2)*(-2)/(-2). Let t(j) = -j + 32*j**3 - 2*j + 1 + j. Is t(i) composite?
False
Let t be ((-10)/(-25))/((-2)/(-10)). Is (-4 - (t - 5)) + 59 a composite number?
True
Let q(l) = -l**2 + 3*l - 3. Let i be q(2). Is i*(-2)/(2/35) prime?
False
Let s = 299 + -96. Suppose 2*z + s = 645. Is z composite?
True
Let f(i) = 12*i - 7. Is f(5) a prime number?
True
Let f = -1 + 5. Let h(q) = 2*q**2 - q - q + q**3 + 3 + 2 - 5*q**2. Is h(f) a prime number?
True
Suppose 2 = 3*u - 2*u. Suppose u*k = -4 + 8. Suppose -k*f + 111 = f. Is f a composite number?
False
Let x be 10/(-45) + 2081/9. Suppose z = 4*z - x. Is z a prime number?
False
Suppose -12*h - 12 = -15*h. Suppose 3*t - 1230 = -p + h*p, -3*t - 5*p = -1222. Is t a composite number?
False
Let x(i) = 11*i**3 + 4*i**2 - 4. Is x(5) prime?
True
Let q be (-6)/(-27) + (-52)/(-9). Is q + -3 - (-148 - -2) composite?
False
Suppose -2*s - 9 = -s. Is (-27)/s*(-79)/(-3) a composite number?
False
Let q = 13 - 9. Suppose 266 = q*x - 10. Is x composite?
True
Let d = 258 + 152. Suppose -2*r + d = 88. Is r a prime number?
False
Suppose 8896 = 3*i - 9125. Is i prime?
True
Let k = -2 - 2. Let y = k + 6. Is y/4*(-534)/(-3) a prime number?
True
Suppose -7*l = -3*l + 676. Let h = -82 - l. Is h prime?
False
Let m be (-1)/4 - 181/(-4). Suppose -m = b - 4*b. Suppose 5*c = 5*d - 0*c - 120, 3*c = -b. Is d prime?
True
Is (394/4 - 0) + (-9)/6 prime?
True
Let a(h) = 10*h**3 - 4*h**2 - 2*h + 3. Is a(4) a com